he value of (48 - 33 - (5 - 2)) + (-5 - 1)?
6
-19 - (-40 + 0 + 24)
-3
What is the value of -9 + 6 + (22 - 22) - (-10 - 0)?
7
What is the value of 3 - (-11 + (4 - 5 - -8))?
7
Evaluate 2 + 0 + -15 + 12 + 6 - -7.
12
What is 22 + 11 + (-19 - -3) + -53?
-36
17 - (12 - 10) - 6 - 2
7
Evaluate -9 + (-9 - (-19 + 5) - 1).
-5
-12 + 1 + -3 + 0
-14
Calculate 1 - (-1 - -23) - (-7844 + 7781).
42
What is the value of -12 + 29 + -21 + (12 - -2)?
10
What is the value of -2 - -1 - (11 + 2 + -15)?
1
What is the value of -21 + (22 - 7) + 18 + (9 - 0)?
21
Evaluate (15 - 23) + (4 - 0).
-4
Evaluate (14 - 25) + -2 + -1 + 7.
-7
Calculate (37 - (10 + 17)) + (0 + -3 - 4).
3
Calculate 3 + (-38 + 25 - 1).
-11
Calculate -27 + (-1 + 10 + -2 - (257 + -256)).
-21
36 + -9 + -21 - -14
20
(1 - -4) + -18 + 4 + 7
-2
Calculate 18 - (-1 - (-5 + 1 + 0 + 1)).
16
What is 12 + (2 + -2 - 5) + 2?
9
What is the value of 1 - ((4 + 5 - 7) + (-10 - -2))?
7
What is the value of -3 + -1 + (-38 - -23) + 19?
0
Calculate (-19 - -7) + (3 - 3) + -6.
-18
Calculate -1 - 7 - ((13 - 22) + -1).
2
Calculate (6 - 2) + -91 + 77.
-10
What is the value of (17 + 3 - (7 - 3)) + -3?
13
-89 + 90 - (-2 + 0)
3
-15 + -26 + (36 - 11)
-16
What is the value of 28 + -37 + (16 - (-5 + -4))?
16
Evaluate -6 + -3 + -7 + 4.
-12
Calculate 11 - ((30 - 22) + 0).
3
Calculate -6 + 23 + -24 - -10.
3
Calculate -2 + -5 - (-12 + -2 - (-40 - -34)).
1
What is 7 + (47 + -53 - (3 + 0))?
-2
Evaluate 0 + 7 + -2 + 1 + -5 + -15.
-14
3 + 15 + -7 + -26 - 14
-29
-12 + 0 + -7 + -5 + (-1 - -7)
-18
Evaluate -33 - (0 + -4) - ((30 - 15) + -13).
-31
Calculate (5 - 1) + (7 - (-9 - -10)).
10
What is -8 + -5 + 12 + -5 + -1?
-7
What is the value of 17 - (-1 - -8) - (0 + -3 + 4)?
9
What is -2 + 13 + 15 + -10 + -14 + -20?
-18
What is the value of 1 - (-9 + 8) - (0 + -23)?
25
What is the value of (-15 + 5 - -8) + -8?
-10
Evaluate (-13 + 9 - -2) + 10 + 0.
8
-1 + 22 - (10 + -30 + 19)
22
What is the value of -4 + 1 - (18 - (-28 + 41))?
-8
Calculate (-6 - (1 - 3)) + (95 - 75).
16
What is -12 + 4 + -15 - -10 - 8?
-21
What is 89 + -75 + 28 + (-1 - (1 - -7))?
33
Calculate 8 + -7 + 3 + 2 + -2 - -7.
11
What is the value of -17 + -6 - (165 + -167)?
-21
10 + (31 - 31 - (-3 - (-15 + 3)))
1
Calculate (0 - (-2 - 0)) + -2 - (-3 - -3).
0
Evaluate 10 - (5 - (-2 + 6 + -1)).
8
What is -30 - 1 - (-435 - -411)?
-7
Calculate -6 + -29 + (16 - 4).
-23
Calculate 27 - ((-10 - -28) + 22).
-13
Calculate 13 - (-20 + 32 - (33 + 4)).
38
52 + -86 + 31 - (-1 + -1)
-1
Calculate 2 + 2 + -4 - 4 - (3 + -1).
-6
Calculate 17 - (6 - (2 - 2)) - 0.
11
What is the value of -2 - (-5 - 3) - (-17 - -22) - -8?
9
(526 - 539) + 1 + -11
-23
What is the value of (3 - 10 - 1) + (18 - (20 - 0))?
-10
Calculate 2 + 2 - (5 - ((7 - 3) + 8)).
11
10 - 2 - 17 - (-4 + 17)
-22
Calculate 9 + (-10 - (-12 + 17)) + (12 - 0).
6
What is the value of 4 + 9 - (-153 - -162)?
4
Calculate 7 + (-4 - 4) + -3 - (0 + -6).
2
10 + (15 - 5) + -7
13
(-16 - -15) + -3 - -11
7
Evaluate -23 - (6 + 11 - 14).
-26
What is 103 + -111 + 2 + 9 - (-17 + -3)?
23
What is the value of -165 - -170 - ((0 - -29) + 3)?
-27
Evaluate -3 + 12 + (1 - 4).
6
What is the value of (5 + 8 - 4) + -11?
-2
(-1 + -11 + 22 - 17) + 0
-7
Calculate -3 - (2 + 0 + (18 + -3 - 7)).
-13
Evaluate -79 - -92 - (3 - -21 - -7).
-18
2 + -33 - (6 + -6 + (-18 - -9))
-22
What is -1 - (1 + 7) - -27 - 2?
16
Calculate (-16 - (-8 + -1)) + (-5 - (8 + -3)).
-17
Evaluate 5 + (-5 - (3 + -2 + 0)) - 11.
-12
What is the value of (-115 - -130) + (-12 - 2) + 0?
1
Calculate (5 - (0 - -7 - (80 + -71))) + -26.
-19
Calculate -1 + -6 - (-6 - -17 - 31).
13
What is the value of -79 + 81 - (11 + 2)?
-11
What is the value of (1 + -5 + -9 + 4 - -4) + 4?
-1
(-17 - 1 - -20) + -13
-11
Evaluate 6 + (-3 - (10 - -5)) + (26 - 24).
-10
(-16 - (-13 + 5)) + 5
-3
What is -17 + 6 + 17 + 3?
9
4 + -2 + -142 + 134
-6
4 + -9 + -8 + -4 - (0 - 3)
-14
Calculate -8 + 7 + -9 + 3 + -3.
-10
Calculate (-1 - 12) + 13 - (-12 - -7).
5
What is the value of -23 - (-8 - (-5 - -11 - 19))?
-28
What is 8 - (13 + -14) - (-1 + 2)?
8
What is the value of 36 + -27 + -9 + 19?
19
Calculate (-2 - -40) + -377 + 359.
20
34 + (-5 - 5) + -5 + (2 - 1)
20
What is 4 - 3 - -6 - (-36 - -37)?
6
What is -6 - (2 + (0 - -10 - 10))?
-8
What is 29 + -41 - (-13 + -2) - (-31 + 3)?
31
(0 - -9 - 19) + (-3 - 0)
-13
What is 2 + 6 + -6 + -17 + 8 - -12?
5
Evaluate -17 - (-6 + -7 - -8 - -14).
-26
What is the value of 233 - 198 - (50 + -3)?
-12
What is 200 + -194 + (1 - 1 - -12) + -5?
13
-11 - (-10 + 1 - (-8 + -8))
-18
What is 13 - (25 + -11 + 18)?
-19
Evaluate 2 + 0 + (7 - 3) + (-18 - -12).
0
Calculate 0 + 13 - (-54 - (-58 - -27)).
36
Calculate 2 - (-4 + (12 - 0 - (-6 + 8))).
-4
What is -19 + 6 + 16 - (2 + 0 - -6)?
-5
(-12 - (0 + 0)) + 2 + -827 + 813
-24
4 + (10 - 5) + (8 - 4)
13
Evaluate -15 + -1 - (563 - 582).
3
Calculate 14 + -8 + 2 + -8.
0
What is the value of 8 + (-30 - (-6 + -13))?
-3
What is the value of -16 + (-6 - (-8 + -18))?
4
-11 - (-18 + 5 + 12)
-10
What is (2 + -12 - (106 - 121)) + 0?
5
Calculate 1 - (17 + -18 + -11).
13
What is the value of -19 + -44 + 24 + 8?
-31
What is the value of (6 - (-1 + (8 - 6) + -2)) + 8?
15
What is 12 - (-4 + 1 + (-3 + 11 - 3))?
10
Calculate 5 + (8 + (-3 - -2) - 14).
-2
Calculate 3 - (-20 + 5 + 4 + (0 - -15)).
-1
Evaluate (-5 - 2) + 0 - (60 + -14 - 67).
14
-1 + 9 - (358 + -345)
-5
Evaluate -2 + (6 - (3 - (-1 + 2))) - -9.
11
Calculate -3 - (9 - (-5 - -8 - -4)) - 6.
-11
What is the value of -2 + 29 + 3 + -5 + (9 - 9)?
25
Evaluate (-47 - -36) + -4 + 11.
-4
Evaluate (-509 - -512) + (5 - -1).
9
Evaluate 28 + 0 + -16 - 8.
4
Evaluate -20 - (14 + -29 + 17).
-22
19 - (30 - (34 + -15) - 3)
11
Calculate 10 - (20 - 33 - -40).
-17
(16 + -8 - (5 - -3)) + -17
-17
Evaluate -1 + 11 + -4 + 2.
8
Evaluate (13 - (-32 - -30)) + -30.
-15
What is -25 + -41 + 20 + 16?
-30
(-4 - 8 - -16 - 15) + (-2 - 3)
-16
Evaluate 8 + 2 - (-1 - (-31 - -5)).
-15
Evaluate -1049 + 1020 + (19 - 1).
-11
Calculate (1 - -3) + 8 + -1.
11
Calculate -7 - -41 - -5 - 24.
15
What is the value of 2 + -29 + 2 + (-317 - -333)?
-9
Evaluate (8 - 11 - -10) + -21.
-14
Calculate (12 - (-6 + 5)) + (0 + 2 - 0).
15
14 + 2 - (64 + -61)
13
Evaluate -4 - (8 - (6 + -6)).
-12
Calculate -10 - (-5 - (-3 + -2)).
-10
What is 0 + (7 - 0) + -3 + (-1 - 11)?
-8
Evaluate 2 - (0 + 2 - ((-10 - -20) + -11)).
-1
What is 23 - (17 - 28 - (-1 - 9))?
24
Evaluate (-21 - -23) + 9 + -4.
7
Evaluate (-3 - -7 - -12) + -22 - -16.
10
Evaluate -9 - ((1 - -4) + (136 - 138) - 12).
0
Calculate 2 - (-5 + -1 + 1).
7
-12 - 7 - (1 + -4) - (47 - 51)
-12
What is the value of 6 - 10 - (-5 + -3) - 3 - -2?
3
Calculate (1 - -2) + 22 + 0 + -10.
15
What is -1 - (-2 - -1 - -14 - (242 - 239))?
-11
-28 - (-2 - 1) - (-22 - -14 - 0)
-17
-9 + (-15 - -9 - -6 - -9)
0
What is 5 + (-3 + 32 - (15 - 3))?
22
What is the value of (-28 - (5 - 10)) + (-8 - -6) + 7?
-18
Evaluate -13 + -13 + 69 + -21.
22
3 + -2 - (-10 + 16 - 7)
2
What is the value of 15 + -12 + -3 + -10 + -2?
-12
-11 + (-10 - (-39 - -3)) - 30
-15
(361 - 371 - (-13 + -1)) + -2 + 35
37
What is -15 + -1 - (-882 + 884)?
-18
Evaluate 24 + (20 - 38) + 5.
11
Evaluate 5 - (11 + 15) - ((0 - -2) + -10).
-13
What is the value of -28 - (-17 + 7) - (-13 - -1) - -15?
9
What is the value of 27 - (16 + (-8 - 8) - -4)?
23
What is the value of 13 + -49 + 56 + -23?
-3
24 - 12 - (1 + 17)
-6
Calculate 28 - -11 - 6 - 55.
-22
What is (-3 - 5) + 6 + -2 + 17?
13
Calculate -5 + (12 - 18) + 2 + 12 + 3.
6
Calculate (27 - -1) + 57 + 9 + -67.
27
What is the value of -2 - ((0 - 45) + 20)?
23
3 - (-1 + 23) - (-7 + 15)
-27
What is 20 + (-29 - (-6 - 1))?
-2
What is 10 - (-11 - (8 + 4 + -21))?
12
What is -9 + 1 + (21 - 15 - (-3 - -4))?
-3
What is 14 + (-27 - -4) - 1?
-10
What is -5 - (8 + (-5 - -8) + -10)?
-6
What is 10 + (-3 - (23 + (0 - 12)))?
-4
Calculate -19 - -20 - ((2 - 4) + 5 + 1).
-3
What is -7 + -1 - (-1449 - -1422)?
19
Calculate -2 + 17 + 56 + -61.
10
What is 19 - (22 + 13 + -29 - -10)?
3
Evaluate 50 - 54 - (5 + -3 - 8).
2
What is the value of 1 + 2 + 1 + (-2 - 4)?
-2
What is the value of (-3 - -6) + (-2 - (-4 - 7) - 0)?
12
What is -3 + 0 + -6 + (-5 - -2) - -6?
-6
-9 - (6 + (9 + 7 - 10) - 0)
-21
0 - -1 - -4 - (-3 + -22 - -12)
18
Calculate 39 - 29 - (5 + -4 + -7).
16
Evaluate 20 - (-8 - (-16 - -3)).
15
-7 + (